osite?
True
Is 74701 a prime number?
False
Is 4250149 a composite number?
False
Is 124769 a prime number?
True
Is 16273 prime?
True
Is 19315 a composite number?
True
Is 9347 composite?
True
Is 2419 a prime number?
False
Is 172049 a prime number?
True
Is 53987 composite?
False
Is 2579 composite?
False
Is 1277171 prime?
False
Is 1042 a prime number?
False
Is 46589 prime?
True
Is 496549 a composite number?
False
Is 1831 prime?
True
Is 111013 prime?
False
Is 803389 a composite number?
False
Is 20477 a composite number?
False
Is 5791 a composite number?
False
Is 44069 composite?
True
Is 106853 prime?
True
Is 9133 a composite number?
False
Is 2629 a composite number?
True
Is 820783 a composite number?
True
Is 4327 prime?
True
Is 679691 a prime number?
True
Is 32903 a prime number?
False
Is 1113713 prime?
True
Is 20599 composite?
False
Is 3756017 composite?
True
Is 411241 composite?
False
Is 11183 composite?
True
Is 2195 prime?
False
Is 4049 a prime number?
True
Is 51853 composite?
False
Is 26099 prime?
True
Is 2251 composite?
False
Is 28789 composite?
False
Is 25271 composite?
True
Is 3194 prime?
False
Is 2767 a prime number?
True
Is 200153 prime?
True
Is 9719 composite?
False
Is 216257 a composite number?
True
Is 17282 composite?
True
Is 49781 a prime number?
False
Is 55591 a composite number?
True
Is 261571 composite?
True
Is 74207 prime?
False
Is 72717 a composite number?
True
Is 399647 a prime number?
True
Is 101221 a composite number?
False
Is 1157761 a composite number?
True
Is 7283 a composite number?
False
Is 22421 a composite number?
True
Is 65179 a composite number?
False
Is 11829 a composite number?
True
Is 9326 a composite number?
True
Is 169553 prime?
True
Is 32017 a composite number?
True
Is 1381057 a prime number?
True
Is 603829 a composite number?
True
Is 138163 a prime number?
True
Is 5737 prime?
True
Is 42299 a composite number?
False
Is 23849 a composite number?
True
Is 2857 prime?
True
Is 5287 a composite number?
True
Is 1543 composite?
False
Is 223021 a composite number?
True
Is 7309 prime?
True
Is 46021 a prime number?
True
Is 806459 a prime number?
False
Is 111899 a composite number?
True
Is 213515 prime?
False
Is 14515 composite?
True
Is 156671 prime?
True
Is 70769 a composite number?
False
Is 14029 composite?
False
Is 40613 prime?
False
Is 1407181 composite?
False
Is 32919 a prime number?
False
Is 19853 a composite number?
False
Is 4871 prime?
True
Is 1116455 prime?
False
Is 31973 a prime number?
True
Is 352745 a prime number?
False
Is 72629 composite?
True
Is 22663 a composite number?
True
Is 290471 composite?
False
Is 190861 prime?
False
Is 114233 a prime number?
False
Is 774217 composite?
False
Is 65623 a prime number?
False
Is 23507 a composite number?
True
Is 102761 composite?
False
Is 7493 prime?
False
Is 18299 a composite number?
True
Is 126539 prime?
False
Is 53197 prime?
True
Is 265 a composite number?
True
Is 687571 a composite number?
True
Is 11105 prime?
False
Is 2051 prime?
False
Is 35221 a composite number?
False
Is 1144783 a composite number?
False
Is 389023 composite?
False
Is 69191 a composite number?
False
Is 111721 a prime number?
True
Is 169927 a prime number?
False
Is 14351 a prime number?
False
Is 46231 composite?
True
Is 88117 prime?
True
Is 620981 a prime number?
True
Is 54181 a prime number?
True
Is 10033 a composite number?
True
Is 45377 composite?
False
Is 9349 prime?
True
Is 1903 a composite number?
True
Is 132539 composite?
True
Is 5158 prime?
False
Is 4033 prime?
False
Is 28073 a prime number?
False
Is 3442 a prime number?
False
Is 647147 prime?
True
Is 49187 composite?
True
Is 104735 a prime number?
False
Is 55921 composite?
False
Is 9277 a prime number?
True
Is 7993 prime?
True
Is 14269 a composite number?
True
Is 541 a prime number?
True
Is 182287 a prime number?
False
Is 2862671 composite?
True
Is 189109 composite?
True
Is 322169 prime?
True
Is 144389 composite?
True
Is 534821 prime?
False
Is 8461 composite?
False
Is 214499 prime?
True
Is 57053 prime?
False
Is 37651 composite?
True
Is 508465 prime?
False
Is 502357 a prime number?
False
Is 175261 composite?
False
Is 5039 prime?
True
Is 215869 a prime number?
False
Is 27717 composite?
True
Is 617639 a prime number?
False
Is 14437 prime?
True
Is 88931 prime?
False
Is 22357 prime?
False
Is 4897 prime?
False
Is 493565 prime?
False
Is 51893 prime?
True
Is 1259 composite?
False
Is 78059 prime?
True
Is 8999 a composite number?
False
Is 12197 prime?
True
Is 3414481 composite?
True
Is 94 a composite number?
True
Is 273299 a composite number?
True
Is 67777 a composite number?
False
Is 144941 composite?
False
Is 225151 a prime number?
False
Is 648871 a composite number?
False
Is 384421 prime?
False
Is 198923 composite?
True
Is 396157 a composite number?
False
Is 26231 a prime number?
False
Is 946551 a prime number?
False
Is 137567 prime?
True
Is 317321 a prime number?
True
Is 6733 prime?
True
Is 9589 a prime number?
False
Is 4451 composite?
False
Is 13117 a composite number?
True
Is 372539 a composite number?
False
Is 4783 a composite number?
False
Is 63647 a prime number?
True
Is 111013 composite?
True
Is 8461 prime?
True
Is 308283 composite?
True
Is 12787 a composite number?
True
Is 56519 a prime number?
True
Is 87231 a composite number?
True
Is 42503 prime?
False
Is 72997 composite?
False
Is 713041 a composite number?
True
Is 8609 composite?
False
Is 168721 composite?
True
Is 1416913 a composite number?
False
Is 21647 composite?
False
Is 24067 composite?
True
Is 159947 composite?
True
Is 2321 a composite number?
True
Is 39129 a composite number?
True
Is 2227 prime?
False
Is 63419 composite?
False
Is 8557 prime?
False
Is 66739 composite?
False
Is 42103 prime?
False
Is 32707 a composite number?
False
Is 1136371 a composite number?
True
Is 2339 a prime number?
True
Is 37649 a prime number?
True
Is 543637 a composite number?
False
Is 1571093 composite?
False
Is 14923 a prime number?
True
Is 121343 a composite number?
False
Is 2321 a prime number?
False
Is 109931 composite?
True
Is 4703 a composite number?
False
Is 257 a prime number?
True
Is 775681 a prime number?
True
Is 20283 a composite number?
True
Is 56038 a composite number?
True
Is 40301 a prime number?
False
Is 13649 composite?
False
Is 1096607 prime?
False
Is 73969 a prime number?
False
Is 86582 a prime number?
False
Is 189103 composite?
True
Is 295 a composite number?
True
Is 132947 prime?
True
Is 190027 prime?
True
Is 50981 prime?
False
Is 917 a prime number?
False
Is 1166615 composite?
True
Is 66431 a composite number?
False
Is 10133 a prime number?
True
Is 67 a prime number?
True
Is 288023 prime?
True
Is 1035379 prime?
True
Is 21955 a prime number?
False
Is 444469 a composite number?
False
Is 99971 a prime number?
True
Is 26935 prime?
False
Is 314983 prime?
True
Is 143093 a composite number?
False
Is 355529 composite?
False
Is 185729 a composite number?
True
Is 809 composite?
False
Is 18527 a composite number?
True
Is 105143 a prime number?
True
Is 59803 a composite number?
True
Is 13318 composite?
True
Is 16886 composite?
True
Is 2771 a composite number?
True
Is 104087 composite?
False
Is 15595 composite?
True
Is 406967 a composite number?
True
Is 1542979 composite?
True
Is 241477 a prime number?
False
Is 1409 composite?
False
Is 97705 composite?
True
Is 517271 prime?
False
Is 12071 composite?
False
Is 7867 a composite number?
False
Is 99509 a composite number?
True
Is 178951 a prime number?
True
Is 1527 a prime number?
False
Is 187849 a prime number?
False
Is 12197 a composite number?
False
Is 57977 composite?
False
Is 5150687 a prime number?
False
Is 24721 a prime number?
False
Is 1913 composite?
False
Is 31367 prime?
False
Is 9089 composite?
True
Is 253853 composite?
False
Is 1901 a composite number?
False
Is 10741 composite?
True
Is 132841 a composite number?
True
Is 35209 a composite number?
True
Is 5663 prime?
False
Is 1727 a prime number?
False
Is 277663 a prime number?
True
Is 25579 prime?
True
Is 2453 a prime number?
False
Is 177493 composite?
False
Is 12527 a prime number?
True
Is 102953 composite?
False
Is 6581 composite?
False
Is 4507 a prime number?
True
Is 37229 prime?
False
Is 18461 prime?
True
Is 364979 a prime number?
True
Is 2642173 a prime number?
True
Is 322097 prim